3727 composite?
True
Is 517006553 a prime number?
False
Is 15148807217 a composite number?
True
Is 513239843 prime?
False
Is 132384882101 a composite number?
False
Is 188808653031 composite?
True
Is 40242743263 prime?
True
Is 7600608187 a composite number?
False
Is 34830726961 a prime number?
True
Is 172720382641 a prime number?
True
Is 959578393 prime?
True
Is 14512939127 prime?
False
Is 36877331347 composite?
True
Is 1342068109 a prime number?
True
Is 126572277709 prime?
False
Is 13193395739 a prime number?
True
Is 8393550079 a composite number?
True
Is 71448386041 a prime number?
False
Is 14473781497 composite?
True
Is 23440742414 prime?
False
Is 286460991343 a prime number?
True
Is 26828694707 composite?
True
Is 2339416813 a composite number?
True
Is 331257637 a composite number?
True
Is 209105636041 prime?
True
Is 4321324229 prime?
True
Is 11410988887 a composite number?
True
Is 48299696813 composite?
False
Is 41425985677 a prime number?
False
Is 27234306649 prime?
False
Is 634603903 a prime number?
True
Is 5694770089 a composite number?
True
Is 565616893 prime?
False
Is 2960656113 a prime number?
False
Is 16342631153 prime?
True
Is 11790797 a composite number?
False
Is 19439701459 a prime number?
True
Is 113608177 prime?
True
Is 4987249417 prime?
True
Is 15208678411 a composite number?
False
Is 117994136209 composite?
False
Is 10428001009 composite?
False
Is 1431860665 prime?
False
Is 2672696083 composite?
False
Is 37082046101 a prime number?
True
Is 59793716993 a composite number?
True
Is 3422246189 composite?
False
Is 31464487471 a prime number?
False
Is 8947389763 prime?
False
Is 952207793 a composite number?
False
Is 113042099851 composite?
False
Is 8677553909 composite?
True
Is 137609105789 composite?
False
Is 49753057019 a prime number?
False
Is 754451851 a prime number?
True
Is 1294745951 composite?
False
Is 9212893297 a composite number?
True
Is 24280869451 a prime number?
True
Is 16947183269 prime?
True
Is 7771179539 a composite number?
False
Is 11567425469 a prime number?
True
Is 804998921 composite?
False
Is 41631779663 a composite number?
True
Is 574138577 composite?
False
Is 1665327071 composite?
False
Is 22322124817 prime?
True
Is 829145299 a composite number?
False
Is 2746826171 composite?
False
Is 43131313 a composite number?
False
Is 10023147521 prime?
False
Is 18043163419 a composite number?
False
Is 3339589109 composite?
True
Is 1309957387 a prime number?
False
Is 45258717209 prime?
False
Is 14470376807 prime?
False
Is 17146419931 composite?
False
Is 13618091777 a prime number?
True
Is 28764339829 composite?
True
Is 99204022347 a composite number?
True
Is 61355521 a composite number?
False
Is 2613953959 prime?
True
Is 51754450607 composite?
True
Is 523016483 composite?
True
Is 10309816219 a prime number?
False
Is 404306519 prime?
True
Is 349358841053 prime?
True
Is 221909621 a prime number?
False
Is 13319731 prime?
False
Is 19000444187 prime?
False
Is 22741337249 prime?
False
Is 13825311895 composite?
True
Is 12020103505 a composite number?
True
Is 934511603 composite?
True
Is 39034579 prime?
False
Is 135318839 a composite number?
False
Is 2248229 prime?
False
Is 516685529 a prime number?
True
Is 4905333353 a composite number?
True
Is 109286530571 composite?
False
Is 2862692527 a prime number?
False
Is 80781157 composite?
False
Is 147411379 prime?
False
Is 315088079 prime?
True
Is 9670224849 composite?
True
Is 124203279 prime?
False
Is 5316789707 prime?
False
Is 14480378674 prime?
False
Is 8169296413 a composite number?
False
Is 11197447237 a composite number?
True
Is 2164757657 composite?
True
Is 44317491763 a composite number?
False
Is 613391641 a composite number?
False
Is 1983032509 composite?
False
Is 24220023041 composite?
True
Is 12090894821 composite?
False
Is 6215945009 prime?
True
Is 951430001 a composite number?
False
Is 20422863137 composite?
False
Is 1107343931 a prime number?
True
Is 31965709903 prime?
True
Is 31324937681 a prime number?
False
Is 85916493697 a prime number?
False
Is 4407769 a prime number?
False
Is 11353668829 composite?
False
Is 285959908007 prime?
False
Is 446304373 prime?
True
Is 46010042267 composite?
True
Is 49242845083 composite?
False
Is 16291139519 prime?
False
Is 762194483 composite?
True
Is 1195246193 composite?
False
Is 196391109 a prime number?
False
Is 45448406281 composite?
True
Is 132569074673 composite?
True
Is 924648103 prime?
False
Is 5282916307 composite?
False
Is 1098839003 composite?
False
Is 1973153491 a composite number?
True
Is 64009903219 prime?
False
Is 53233451 composite?
False
Is 303957607 a prime number?
True
Is 3617731207 composite?
False
Is 4004963231 a prime number?
True
Is 2671718513 composite?
False
Is 7471486123 prime?
True
Is 7649801121 a prime number?
False
Is 131168629 prime?
True
Is 7289848715 composite?
True
Is 30592407049 a composite number?
False
Is 223913971 a prime number?
False
Is 8438303 composite?
False
Is 890427971 composite?
False
Is 88718143 prime?
True
Is 2835534427 composite?
True
Is 152416997 a composite number?
False
Is 1586422535 composite?
True
Is 1344170434 composite?
True
Is 874091591 prime?
True
Is 138033151 prime?
True
Is 14063902891 prime?
True
Is 5081168721 a prime number?
False
Is 336386319 a prime number?
False
Is 18775258679 prime?
True
Is 5688721651 a composite number?
False
Is 1492429783 a prime number?
False
Is 39708608761 a composite number?
False
Is 61336370401 composite?
True
Is 7168776757 a composite number?
False
Is 7184052881 a prime number?
True
Is 40070403797 a prime number?
False
Is 24146397069 a prime number?
False
Is 752269733 prime?
False
Is 2467232827 a composite number?
False
Is 5284075777 a composite number?
True
Is 10451682907 prime?
True
Is 2576483669 a composite number?
False
Is 2595050803 composite?
True
Is 4724242181 a composite number?
True
Is 915756947 a composite number?
True
Is 2045627377 a prime number?
False
Is 14625031871 prime?
True
Is 39225752333 a composite number?
False
Is 12840759623 prime?
True
Is 9537391299 prime?
False
Is 29952689 prime?
False
Is 674651497 prime?
False
Is 15775729481 prime?
False
Is 1616776817 prime?
True
Is 33799367233 a composite number?
True
Is 15521006903 prime?
True
Is 2006879993 a prime number?
False
Is 907539377 a composite number?
True
Is 735013897 a prime number?
False
Is 14517371317 composite?
True
Is 4452021251 a composite number?
True
Is 7115248159 a prime number?
False
Is 7496382497 prime?
False
Is 2460751043 prime?
True
Is 21443393317 composite?
True
Is 291127117 a composite number?
True
Is 393711467 a composite number?
True
Is 742874491 composite?
True
Is 4154976629 composite?
False
Is 854051437 a composite number?
False
Is 1009501301 a prime number?
True
Is 13956635713 a prime number?
True
Is 653525987 composite?
True
Is 20015377 a composite number?
True
Is 890630021 prime?
True
Is 15227597219 a prime number?
True
Is 25329173 composite?
False
Is 7601930249 prime?
True
Is 32884906247 a composite number?
False
Is 244327229 composite?
True
Is 8302511351 composite?
True
Is 53375288861 composite?
False
Is 67580985179 a prime number?
True
Is 506318281 prime?
False
Is 40448071141 prime?
False
Is 5860643457 prime?
False
Is 690081617 a prime number?
True
Is 1025015339 prime?
False
Is 9862129021 prime?
True
Is 11798471519 a composite number?
True
Is 894683329 a composite number?
True
Is 25440697 composite?
False
Is 28532033 composite?
False
Is 1026509369 a composite number?
False
Is 4172921 composite?
True
Is 3036356327 a prime number?
False
Is 10337872217 a composite number?
False
Is 777370903 a prime number?
False
Is 131708561 prime?
True
Is 2785507339 a prime number?
True
Is 2508903277 composite?
False
Is 1592485121 a composite number?
False
Is 6828700379 a composite number?
False
Is 358287509 composite?
True
Is 140414587165 composite?
True
Is 49364437 composite?
False
Is 34003955353 composite?
False
Is 472609303 a prime number?
True
Is 1291915619 prime?
False
Is 60608073847 prime?
True
Is 119661401 prime?
False
Is 2154342491 prime?
False
Is 1601893583 prime?
False
Is 17274799277 prime?
False
Is 504052303 a prime number?
True
Is 325603661 a prime number?
False
Is 3219566842 a composite number?
True
Is 2635649329 prime?
True
Is 17092326317 a prime number?
Fa